{"id":1621,"date":"2020-10-04T07:30:37","date_gmt":"2020-10-04T05:30:37","guid":{"rendered":"http:\/\/yvi-tschischka.de\/?post_type=product&#038;p=1621"},"modified":"2025-11-02T23:51:20","modified_gmt":"2025-11-02T22:51:20","slug":"lightroom-presets-autumn","status":"publish","type":"product","link":"https:\/\/yvi-tschischka.de\/index.php\/produkt\/lightroom-presets-autumn\/","title":{"rendered":"Lightroom Presets Autumn"},"content":{"rendered":"","protected":false},"excerpt":{"rendered":"<p>Diese Presets sind ein Herbst-Special \u2013 mit ihnen k\u00f6nnt ihr super easy mit nur einem Klick eine herbstliche Stimmung in eure Bilder zaubern!<br \/>\nAu\u00dferdem zus\u00e4tzlich enthalten: 2 basic Presets f\u00fcr kleine aber wirkunsvolle Anpassungen an den Fotos \u2013 und ein schwarz-wei\u00df Preset!<\/p>\n<p>Meine Lightroom Presets nutze ich vor allem zur Grundoptimierung der Fotos, die meine Kunden in ihrer Vorschaugalerie sehen werden. Diese erste Optimierung ist eine tolle Grundlage f\u00fcr die sp\u00e4tere Bearbeitung in Photoshop und eine super Erg\u00e4nzung zu meinen\u00a0<a href=\"http:\/\/yvi-tschischka.de\/index.php\/produkt\/photoshop-aktionen\/\" target=\"_blank\" rel=\"noopener noreferrer\">Photoshop Aktionen<\/a>! Also der Grundstein meiner Bildbearbeitung!<\/p>\n<p>Das Bundle enth\u00e4lt 15 Presets:<br \/>\n\u2013 basic 1<br \/>\n\u2013 basic 2<br \/>\n\u2013 black\/white<br \/>\n\u2013 cool autumn<br \/>\n\u2013 cool fog<br \/>\n\u2013 cozy sunday<br \/>\n\u2013 golden autumn<br \/>\n\u2013 hello fall<br \/>\n\u2013 magic light<br \/>\n\u2013 milky autumn<br \/>\n\u2013 morning sun<br \/>\n\u2013 mystic fog<br \/>\n\u2013 october sun<br \/>\n\u2013 pretty leafes<br \/>\n\u2013 warm fall<\/p>\n<p>Im Download sind 2(!) Versionen der Presets vorhanden. Nutzt du Lightroom CC, nutze die Dateien aus &#8222;YT_LR_Presets_autumn&#8220;.<br \/>\nNutzt du eine \u00e4ltere Lightroomversion (zb. Lightroom 6), dann nutze die Dateien aus &#8222;YT_LR_Presets_autumn_alte_Versionen&#8220;.<\/p>\n","protected":false},"featured_media":1942,"comment_status":"open","ping_status":"closed","template":"","meta":{"_links_to":"","_links_to_target":""},"product_cat":[17],"product_tag":[],"class_list":["post-1621","product","type-product","status-publish","has-post-thumbnail","hentry","product_cat-unkategorisiert"],"jetpack_sharing_enabled":true,"_links":{"self":[{"href":"https:\/\/yvi-tschischka.de\/index.php\/wp-json\/wp\/v2\/product\/1621","targetHints":{"allow":["GET"]}}],"collection":[{"href":"https:\/\/yvi-tschischka.de\/index.php\/wp-json\/wp\/v2\/product"}],"about":[{"href":"https:\/\/yvi-tschischka.de\/index.php\/wp-json\/wp\/v2\/types\/product"}],"replies":[{"embeddable":true,"href":"https:\/\/yvi-tschischka.de\/index.php\/wp-json\/wp\/v2\/comments?post=1621"}],"wp:featuredmedia":[{"embeddable":true,"href":"https:\/\/yvi-tschischka.de\/index.php\/wp-json\/wp\/v2\/media\/1942"}],"wp:attachment":[{"href":"https:\/\/yvi-tschischka.de\/index.php\/wp-json\/wp\/v2\/media?parent=1621"}],"wp:term":[{"taxonomy":"product_cat","embeddable":true,"href":"https:\/\/yvi-tschischka.de\/index.php\/wp-json\/wp\/v2\/product_cat?post=1621"},{"taxonomy":"product_tag","embeddable":true,"href":"https:\/\/yvi-tschischka.de\/index.php\/wp-json\/wp\/v2\/product_tag?post=1621"}],"curies":[{"name":"wp","href":"https:\/\/api.w.org\/{rel}","templated":true}]}}