{"id":34,"date":"2016-02-22T14:36:33","date_gmt":"2016-02-22T13:36:33","guid":{"rendered":"http:\/\/yvi-tschischka.de\/?page_id=34"},"modified":"2026-01-17T16:47:03","modified_gmt":"2026-01-17T15:47:03","slug":"kontakt","status":"publish","type":"page","link":"https:\/\/yvi-tschischka.de\/index.php\/kontakt\/","title":{"rendered":"kontakt"},"content":{"rendered":"\n<div class=\"wpcf7 no-js\" id=\"wpcf7-f77-o1\" lang=\"de-DE\" dir=\"ltr\">\n<div class=\"screen-reader-response\"><p role=\"status\" aria-live=\"polite\" aria-atomic=\"true\"><\/p> <ul><\/ul><\/div>\n<form action=\"\/index.php\/wp-json\/wp\/v2\/pages\/34#wpcf7-f77-o1\" method=\"post\" class=\"wpcf7-form init\" aria-label=\"Kontaktformular\" novalidate=\"novalidate\" data-status=\"init\">\n<div style=\"display: none;\">\n<input type=\"hidden\" name=\"_wpcf7\" value=\"77\" \/>\n<input type=\"hidden\" name=\"_wpcf7_version\" value=\"5.9.8\" \/>\n<input type=\"hidden\" name=\"_wpcf7_locale\" value=\"de_DE\" \/>\n<input type=\"hidden\" name=\"_wpcf7_unit_tag\" value=\"wpcf7-f77-o1\" \/>\n<input type=\"hidden\" name=\"_wpcf7_container_post\" value=\"0\" \/>\n<input type=\"hidden\" name=\"_wpcf7_posted_data_hash\" value=\"\" \/>\n<\/div>\n<p>Name*\n<\/p>\n<p><span class=\"wpcf7-form-control-wrap\" data-name=\"your-name\"><input size=\"40\" maxlength=\"400\" class=\"wpcf7-form-control wpcf7-text wpcf7-validates-as-required\" aria-required=\"true\" aria-invalid=\"false\" value=\"\" type=\"text\" name=\"your-name\" \/><\/span>\n<\/p>\n<p>E-Mail*\n<\/p>\n<p><span class=\"wpcf7-form-control-wrap\" data-name=\"your-email\"><input size=\"40\" maxlength=\"400\" class=\"wpcf7-form-control wpcf7-email wpcf7-validates-as-required wpcf7-text wpcf7-validates-as-email\" aria-required=\"true\" aria-invalid=\"false\" value=\"\" type=\"email\" name=\"your-email\" \/><\/span>\n<\/p>\n<p>Betreff\n<\/p>\n<p><span class=\"wpcf7-form-control-wrap\" data-name=\"your-subject\"><input size=\"40\" maxlength=\"400\" class=\"wpcf7-form-control wpcf7-text\" aria-invalid=\"false\" value=\"\" type=\"text\" name=\"your-subject\" \/><\/span>\n<\/p>\n<p>Nachricht*\n<\/p>\n<p><span class=\"wpcf7-form-control-wrap\" data-name=\"your-message\"><textarea cols=\"40\" rows=\"10\" maxlength=\"2000\" class=\"wpcf7-form-control wpcf7-textarea\" aria-invalid=\"false\" name=\"your-message\"><\/textarea><\/span>\n<\/p>\n<p><input class=\"wpcf7-form-control wpcf7-submit has-spinner\" type=\"submit\" value=\"Senden\" \/>\n<\/p>\n<p><span class=\"wpcf7-form-control-wrap\" data-name=\"acceptance-49\"><span class=\"wpcf7-form-control wpcf7-acceptance\"><span class=\"wpcf7-list-item\"><label><input type=\"checkbox\" name=\"acceptance-49\" value=\"1\" aria-invalid=\"false\" \/><span class=\"wpcf7-list-item-label\">Mit der Nutzung dieses Formulars erkl\u00e4rst du dich mit der Speicherung und Verarbeitung deiner Daten durch diese Website einverstanden.<\/span><\/label><\/span><\/span><\/span>\n<\/p><p style=\"display: none !important;\" class=\"akismet-fields-container\" data-prefix=\"_wpcf7_ak_\"><label>&#916;<textarea name=\"_wpcf7_ak_hp_textarea\" cols=\"45\" rows=\"8\" maxlength=\"100\"><\/textarea><\/label><input type=\"hidden\" id=\"ak_js_1\" name=\"_wpcf7_ak_js\" value=\"127\"\/><script>\ndocument.getElementById( \"ak_js_1\" ).setAttribute( \"value\", ( new Date() ).getTime() );\n<\/script>\n<\/p><div class=\"wpcf7-response-output\" aria-hidden=\"true\"><\/div>\n<\/form>\n<\/div>\n\n<p>Angaben gem\u00e4\u00df \u00a7 5 TMG<\/p>\n<p>Yvi Tschischka<br \/>\nBachgasse 8<br \/>\n97348 R\u00f6delsee<\/p>\n<p><strong>Vertreten durch: <\/strong><\/p>\n<p>Yvi Tschischka<\/p>\n<p><strong>Kontakt:<br \/>\n<\/strong>E-Mail: <a href=\"mailto:info@yvi-tschischka.de\">info@yvi-tschischka.de<\/a><\/p>\n<p><strong>Verantwortlich f\u00fcr den Inhalt nach \u00a7 55 Abs. 2 RStV:<\/strong><\/p>\n<p>Yvi Tschischka<\/p>\n<p><strong>Haftungsausschluss: <\/strong><\/p>\n<p><strong>Haftung f\u00fcr Inhalte<\/strong><\/p>\n<p>Die Inhalte unserer Seiten wurden mit gr\u00f6\u00dfter Sorgfalt erstellt. F\u00fcr die Richtigkeit, Vollst\u00e4ndigkeit und Aktualit\u00e4t der Inhalte k\u00f6nnen wir jedoch keine Gew\u00e4hr \u00fcbernehmen. Als Diensteanbieter sind wir gem\u00e4\u00df \u00a7 7 Abs.1 TMG f\u00fcr eigene Inhalte auf diesen Seiten nach den allgemeinen Gesetzen verantwortlich. Nach \u00a7\u00a7 8 bis 10 TMG sind wir als Diensteanbieter jedoch nicht verpflichtet, \u00fcbermittelte oder gespeicherte fremde Informationen zu \u00fcberwachen oder nach Umst\u00e4nden zu forschen, die auf eine rechtswidrige T\u00e4tigkeit hinweisen. Verpflichtungen zur Entfernung oder Sperrung der Nutzung von Informationen nach den allgemeinen Gesetzen bleiben hiervon unber\u00fchrt. Eine diesbez\u00fcgliche Haftung ist jedoch erst ab dem Zeitpunkt der Kenntnis einer konkreten Rechtsverletzung m\u00f6glich. Bei Bekanntwerden von entsprechenden Rechtsverletzungen werden wir diese Inhalte umgehend entfernen.<\/p>\n<p><strong>Haftung f\u00fcr Links<\/strong><\/p>\n<p>Unser Angebot enth\u00e4lt Links zu externen Webseiten Dritter, auf deren Inhalte wir keinen Einfluss haben. Deshalb k\u00f6nnen wir f\u00fcr diese fremden Inhalte auch keine Gew\u00e4hr \u00fcbernehmen. F\u00fcr die Inhalte der verlinkten Seiten ist stets der jeweilige Anbieter oder Betreiber der Seiten verantwortlich. Die verlinkten Seiten wurden zum Zeitpunkt der Verlinkung auf m\u00f6gliche Rechtsverst\u00f6\u00dfe \u00fcberpr\u00fcft. Rechtswidrige Inhalte waren zum Zeitpunkt der Verlinkung nicht erkennbar. Eine permanente inhaltliche Kontrolle der verlinkten Seiten ist jedoch ohne konkrete Anhaltspunkte einer Rechtsverletzung nicht zumutbar. Bei Bekanntwerden von Rechtsverletzungen werden wir derartige Links umgehend entfernen.<\/p>\n<p><strong>Urheberrecht<\/strong><\/p>\n<p>Die durch die Seitenbetreiber erstellten Inhalte und Werke auf diesen Seiten unterliegen dem deutschen Urheberrecht. Die Vervielf\u00e4ltigung, Bearbeitung, Verbreitung und jede Art der Verwertung au\u00dferhalb der Grenzen des Urheberrechtes bed\u00fcrfen der schriftlichen Zustimmung des jeweiligen Autors bzw. Erstellers. Downloads und Kopien dieser Seite sind nur f\u00fcr den privaten, nicht kommerziellen Gebrauch gestattet. Soweit die Inhalte auf dieser Seite nicht vom Betreiber erstellt wurden, werden die Urheberrechte Dritter beachtet. Insbesondere werden Inhalte Dritter als solche gekennzeichnet. Sollten Sie trotzdem auf eine Urheberrechtsverletzung aufmerksam werden, bitten wir um einen entsprechenden Hinweis. Bei Bekanntwerden von Rechtsverletzungen werden wir derartige Inhalte umgehend entfernen.<\/p>\n<p><strong>Datenschutz<\/strong><\/p>\n<p>Die Nutzung unserer Webseite ist in der Regel ohne Angabe personenbezogener Daten m\u00f6glich. Soweit auf unseren Seiten personenbezogene Daten (beispielsweise Name, Anschrift oder eMail-Adressen) erhoben werden, erfolgt dies, soweit m\u00f6glich, stets auf freiwilliger Basis. Diese Daten werden ohne Ihre ausdr\u00fcckliche Zustimmung nicht an Dritte weitergegeben.<\/p>\n<p>Wir weisen darauf hin, dass die Daten\u00fcbertragung im Internet (z.B. bei der Kommunikation per E-Mail) Sicherheitsl\u00fccken aufweisen kann. Ein l\u00fcckenloser Schutz der Daten vor dem Zugriff durch Dritte ist nicht m\u00f6glich.<\/p>\n<p>Der Nutzung von im Rahmen der Impressumspflicht ver\u00f6ffentlichten Kontaktdaten durch Dritte zur \u00dcbersendung von nicht ausdr\u00fccklich angeforderter Werbung und Informationsmaterialien wird hiermit ausdr\u00fccklich widersprochen. Die Betreiber der Seiten behalten sich ausdr\u00fccklich rechtliche Schritte im Falle der unverlangten Zusendung von Werbeinformationen, etwa durch Spam-Mails, vor.<\/p>\n<p>Das Impressum dieser Homepage wurde mit dem <a href=\"http:\/\/www.impressum-generator.de\/\">Impressum Generator<\/a> der <a href=\"http:\/\/www.kanzlei-hasselbach.de\/\">Kanzlei Hasselbach<\/a> erstellt<\/p>\n<p><strong>AGB<\/strong><\/p>\n<p><strong>Allgemeine Gesch\u00e4ftsbedingungen \/ AGB des Fotografen-Handwerks<\/strong><\/p>\n<p>(Bundesanzeiger Nr. 88 v. 15.05. 02 \u2013 Seite 10.436)<\/p>\n<ol>\n<li>Allgemeines<\/li>\n<li>Die nachfolgenden AGB gelten f\u00fcr alle dem Fotografen erteilten Auftr\u00e4ge. Sie gelten als vereinbart, wenn ihnen nicht umgehend widersprochen wird.<\/li>\n<li>\u201eLichtbilder\u201c im Sinne dieser AGB sind alle vom Fotografen hergestellten Produkte, gleich in welcher technischen Form oder in welchem Medium sie erstellt wurden oder vorliegen.<\/li>\n<li>Urheberrecht<\/li>\n<li>Dem Fotografen steht das Urheberrecht an den Lichtbildern nach Massgabe des Urheberrechtsgesetzes zu.<\/li>\n<li>Die vom Fotografen hergestellten Lichtbilder sind grunds\u00e4tzlich nur f\u00fcr den eigenen, privaten, nicht-kommerziellen Gebrauch des Auftraggebers bestimmt.<\/li>\n<li>\u00dcbertr\u00e4gt der Fotograf Nutzungsrechte an seinen Werken, ist \u2013 sofern nicht ausdr\u00fccklich etwas anderes vereinbart wurde \u2013 jeweils nur das einfache Nutzungsrecht \u00fcbertragen. Eine Weitergabe von Nutzungsrechten bedarf der besonderen Vereinbarung.<\/li>\n<li>Die Nutzungsrechte gehen erst \u00fcber nach vollst\u00e4ndiger Bezahlung des Honorars an den Fotografen.<\/li>\n<li>Der Besteller eines Bildes i.S. vom \u00a7 60 UrhG hat kein Recht, das Lichtbild zu vervielf\u00e4ltigen und zu verbreiten, wenn nicht die entsprechenden Nutzungsrechte \u00fcbertragen worden sind. \u00a7 60 UrhG wird ausdr\u00fccklich abbedungen.<\/li>\n<li>Bei der Verwertung der Lichtbilder kann der Fotograf, sofern nichts anderes vereinbart wurde, verlangen, als Urheber des Lichtbildes genannt zu werden.<\/li>\n<\/ol>\n<p>Eine Verletzung des Rechts auf Namensnennung berechtigt den Fotografen zum Schadensersatz.<\/p>\n<ol start=\"7\">\n<li>Die Rohdateien\u00a0verbleiben beim Fotografen. Eine Herausgabe der Rohdateien\u00a0an den Auftraggeber erfolgt nur bei gesonderter Vereinbarung.<\/li>\n<\/ol>\n<p>III. Verg\u00fctung, Eigentumsvorbehalt<\/p>\n<ol>\n<li>F\u00fcr die Herstellung der Lichtbilder wird ein Honorar als Stundensatz, Tagessatz oder vereinbarte Pauschale; Nebenkosten (Reisekosten, Modellhonorare, Spesen, Requisiten, Labor- und Materialkosten, Studiomieten etc.) sind vom Auftraggeber zu tragen.<\/li>\n<li>F\u00e4llige Rechnungen sind innerhalb von 14 Tagen ohne Abzug zu zahlen. Der Auftraggeber ger\u00e4t in Verzug, wenn er f\u00e4llige Rechnungen nicht sp\u00e4testens 30 (in Worten: drei\u00dfig) Tage nach Zugang einer Rechnung oder gleichwertigen Zahlungsaufforderung begleicht. Dem Fotografen bleibt vorbehalten, den Verzug durch Erteilung einer nach F\u00e4lligkeit zugehenden Mahnung zu einem fr\u00fcheren Zeitpunkt herbeizuf\u00fchren.<\/li>\n<li>Bis zur vollst\u00e4ndigen Bezahlung des Kaufpreises bleiben die gelieferten Lichtbilder Eigentum des Fotografen.<\/li>\n<li>Hat der Auftraggeber dem Fotografen keine ausdr\u00fccklichen Weisungen hinsichtlich der Gestaltung der Lichtbilder gegeben, so sind Reklamationen bez\u00fcglich der Bildauffassung sowie der k\u00fcnstlerisch-technischen Gestaltung ausgeschlossen. W\u00fcnscht der Auftraggeber w\u00e4hrend oder nach der Aufnahmeproduktion \u00c4nderungen, so hat er die Mehrkosten zu tragen. Der Fotograf beh\u00e4lt den Verg\u00fctungs-Anspruch f\u00fcr bereits begonnene Arbeiten.<\/li>\n<li>Haftung<\/li>\n<li>F\u00fcr die Verletzung von Pflichten, die nicht in unmittelbarem Zusammenhang mit wesentlichen Vertragspflichten stehen, haftet der Fotograf f\u00fcr sich und seine Erf\u00fcllungsgehilfen nur bei Vorsatz und grober Fahrl\u00e4ssigkeit. Er haftet ferner f\u00fcr Sch\u00e4den aus der Verletzung des Lebens, des K\u00f6rpers oder der Gesundheit sowie aus der Verletzung wesentlicher Vertragspflichten, die er oder seine Erf\u00fcllungsgehilfen durch schuldhafte Pflichtverletzungen herbeigef\u00fchrt haben. F\u00fcr Sch\u00e4den an Aufnahmeobjekten, Vorlagen, Filmen, Displays, Layouts, Negativen oder Daten haftet der Fotograf \u2013 wenn nichts anderes vereinbart wurde \u2013 nur bei Vorsatz und grober Fahrl\u00e4ssigkeit.<\/li>\n<li>Die Zusendung und R\u00fccksendung von Filmen, Bildern und Vorlagen erfolgt auf Kosten und Gefahr des Auftraggebers. Der Auftraggeber kann bestimmen, wie und durch wen die R\u00fccksendung erfolgt.<\/li>\n<li>Nebenpflichten<\/li>\n<li>Der Auftraggeber versichert, dass er an allen dem Fotografen \u00fcbergebenen Vorlagen das Vervielf\u00e4ltigungs- und Verbreitungsrecht sowie bei Personenbildnissen die Einwilligung der abgebildeten Personen zur Ver\u00f6ffentlichung, Vervielf\u00e4ltigung und Verbreitung besitzt. Ersatzanspr\u00fcche Dritter, die auf der Verletzung dieser Pflicht beruhen, tr\u00e4gt der Auftraggeber.<\/li>\n<li>Leistungsst\u00f6rung, Ausfallhonorar<\/li>\n<li>Wird die f\u00fcr die Durchf\u00fchrung des Auftrages vorgesehene Zeit aus Gr\u00fcnden, die der Fotograf nicht zu vertreten hat, wesentlich \u00fcberschritten, so erh\u00f6ht sich das Honorar des Fotografen, sofern ein Pauschalpreis vereinbart war, entsprechend. Ist ein Zeithonorar vereinbart, erh\u00e4lt der Fotograf auch f\u00fcr die Wartezeit den vereinbarten Stunden- oder Tagessatz, sofern nicht der Auftraggeber nachweist, dass dem Fotografen kein Schaden entstanden ist. Bei Vorsatz oder Fahrl\u00e4ssigkeit des Auftraggebers kann der Fotograf auch Schadensersatzanspr\u00fcche geltend machen.<\/li>\n<li>Liefertermine f\u00fcr Lichtbilder sind nur dann verbindlich, wenn sie ausdr\u00fccklich vom Fotografen best\u00e4tigt worden sind. Der Fotograf haftet f\u00fcr Frist\u00fcberschreitung nur bei Vorsatz und grober Fahrl\u00e4ssigkeit.<\/li>\n<\/ol>\n<p>VII. Digitale Fotografie<\/p>\n<ol>\n<li>Die Digitalisierung, Speicherung und Vervielf\u00e4ltigung der Lichtbilder des Fotografen auf Datentr\u00e4gern aller Art bedarf der vorherigen schriftlichen Zustimmung des Fotografen.<\/li>\n<li>Die \u00dcbertragung von Nutzungsrechten beinhaltet nicht das Recht zur Speicherung und Vervielf\u00e4ltigung, wenn dieses Recht nicht ausdr\u00fccklich \u00fcbertragen wurde.<\/li>\n<\/ol>\n<p>VIII. Bildbearbeitung<\/p>\n<ol>\n<li>Die Bearbeitung von Lichtbildern des Fotografen und ihre Vervielf\u00e4ltigung und Verbreitung, analog oder digital, bedarf der vorherigen Zustimmung des Fotografen.<\/li>\n<li>Der Auftraggeber versichert, dass er dazu berechtigt ist, den Fotografen mit der elektronischen Bearbeitung fremder Lichtbilder zu beauftragen, wenn er einen solchen Auftrag erteilt. Er stellt den Fotografen von allen Anspr\u00fcchen Dritter frei, die auf der Verletzung dieser Pflicht beruhen.<\/li>\n<li>Nutzung und Verbreitung<\/li>\n<li>Die Verbreitung von Lichtbildern des Fotografen im Internet und in Intranets, in Online-Datenbanken, in elektronischen Archiven, die nicht nur f\u00fcr den internen Gebrauch des Auftraggebers bestimmt sind, auf CD-ROM oder \u00e4hnlichen Datentr\u00e4gern ist nur aufgrund einer besonderen Vereinbarung zwischen dem Fotografen und dem Auftraggeber gestattet. (Die Lichtbilder d\u00fcrfen auf sozialen Netzwerken wie Facebook, Instagram usw. f\u00fcr den privaten, nicht-kommerziellen Gebrauch genutzt werden.<\/li>\n<li>Die Weitergabe digitalisierter Lichtbilder im Internet und in Intranets und auf Datentr\u00e4gern und Ger\u00e4ten, die zur \u00f6ffentlichen Wiedergabe auf Bildschirmen oder zur Herstellung von Soft- und Hardcopies geeignet sind, bedarf der vorherigen schriftlichen Zustimmung des Fotografen.<\/li>\n<li>Die Vervielf\u00e4ltigung und Verbreitung von Bearbeitungen, die der Fotograf auf elektronischem Wege hergestellt hat, bed\u00fcrfen der vorherigen schriftlichen Zustimmung des Fotografen.<\/li>\n<li>Der Fotograf ist nicht verpflichtet, Datentr\u00e4ger, Dateien und Daten an den Auftraggeber herauszugeben, wenn dies nicht ausdr\u00fccklich schriftlich vereinbart wurde.<\/li>\n<li>W\u00fcnscht der Auftraggeber, dass der Fotograf ihm Datentr\u00e4ger, Dateien und Daten zur Verf\u00fcgung stellt, ist dies zu vereinbaren und gesondert zu verg\u00fcten.<\/li>\n<li>Hat der Fotograf dem Auftraggeber Datentr\u00e4ger, Dateien und Daten zur Verf\u00fcgung gestellt, d\u00fcrfen diese nur mit vorheriger Einwilligung des Fotografen ver\u00e4ndert werden.<\/li>\n<li>Gefahr und Kosten des Transports von Datentr\u00e4gern, Dateien und Daten online und offline liegen beim Auftraggeber; die Art und Weise der \u00dcbermittlung kann der Auftragnehmer bestimmen.<\/li>\n<li>Schlussbestimmungen<\/li>\n<\/ol>\n<p>Erf\u00fcllungsort f\u00fcr alle Verpflichtungen aus dem Vertragsverh\u00e4ltnis ist der Sitz des Fotografen, wenn der Vertragspartner nicht Verbraucher ist. Sind beide Vertragsparteien Kaufleute, juristische Personen des \u00f6ffentlichen Rechts oder ein \u00f6ffentlich rechtliches Sonderverm\u00f6gen, so ist der Gesch\u00e4ftssitz des Fotografen als Gerichtsstand vereinbart.<\/p>\n","protected":false},"excerpt":{"rendered":"<p>Angaben gem\u00e4\u00df \u00a7 5 TMG Yvi Tschischka Bachgasse 8 97348 R\u00f6delsee Vertreten durch: Yvi Tschischka Kontakt: E-Mail: info@yvi-tschischka.de Verantwortlich f\u00fcr den Inhalt nach \u00a7 55 Abs. 2 RStV: Yvi Tschischka Haftungsausschluss: Haftung f\u00fcr Inhalte Die Inhalte unserer Seiten wurden mit gr\u00f6\u00dfter Sorgfalt erstellt. F\u00fcr die Richtigkeit, Vollst\u00e4ndigkeit und Aktualit\u00e4t der Inhalte k\u00f6nnen wir jedoch keine [&hellip;]<\/p>\n","protected":false},"author":1,"featured_media":0,"parent":0,"menu_order":0,"comment_status":"closed","ping_status":"closed","template":"","meta":{"footnotes":"","_links_to":"","_links_to_target":""},"class_list":["post-34","page","type-page","status-publish","hentry"],"blocksy_meta":{"styles_descriptor":{"styles":{"desktop":"","tablet":"","mobile":""},"google_fonts":[]}},"jetpack_sharing_enabled":true,"_links":{"self":[{"href":"https:\/\/yvi-tschischka.de\/index.php\/wp-json\/wp\/v2\/pages\/34","targetHints":{"allow":["GET"]}}],"collection":[{"href":"https:\/\/yvi-tschischka.de\/index.php\/wp-json\/wp\/v2\/pages"}],"about":[{"href":"https:\/\/yvi-tschischka.de\/index.php\/wp-json\/wp\/v2\/types\/page"}],"author":[{"embeddable":true,"href":"https:\/\/yvi-tschischka.de\/index.php\/wp-json\/wp\/v2\/users\/1"}],"replies":[{"embeddable":true,"href":"https:\/\/yvi-tschischka.de\/index.php\/wp-json\/wp\/v2\/comments?post=34"}],"version-history":[{"count":8,"href":"https:\/\/yvi-tschischka.de\/index.php\/wp-json\/wp\/v2\/pages\/34\/revisions"}],"predecessor-version":[{"id":3168,"href":"https:\/\/yvi-tschischka.de\/index.php\/wp-json\/wp\/v2\/pages\/34\/revisions\/3168"}],"wp:attachment":[{"href":"https:\/\/yvi-tschischka.de\/index.php\/wp-json\/wp\/v2\/media?parent=34"}],"curies":[{"name":"wp","href":"https:\/\/api.w.org\/{rel}","templated":true}]}}