{"id":3128,"date":"2025-11-16T15:53:06","date_gmt":"2025-11-16T14:53:06","guid":{"rendered":"https:\/\/yvi-tschischka.de\/?post_type=product&#038;p=3128"},"modified":"2025-12-07T07:40:53","modified_gmt":"2025-12-07T06:40:53","slug":"black-week-lieblings-presets-limitiert","status":"publish","type":"product","link":"http:\/\/yvi-tschischka.de\/index.php\/produkt\/black-week-lieblings-presets-limitiert\/","title":{"rendered":"Meine Lieblings-Presets"},"content":{"rendered":"","protected":false},"excerpt":{"rendered":"<h3>Meine Lieblings-Presets gesammelt in einem Bundle!<\/h3>\n<p>Du m\u00f6chtest deinen Portraits und Hochzeitsfotos das &#8222;gewisse Etwas&#8220; verleihen? Dann habe ich hier die optimale L\u00f6sung f\u00fcr dich! Mit meinen Presets kannst du deine Fotos in verschiedenste Farbrichtungen ver\u00e4ndern und anpassen.<\/p>\n<p>Meine Lightroom Presets nutze ich vor allem zur Grundoptimierung der Fotos, die meine Kunden in ihrer Vorschaugalerie sehen werden. Diese erste Optimierung ist eine tolle Grundlage f\u00fcr die sp\u00e4tere Bearbeitung in Photoshop und eine super Erg\u00e4nzung zu meinen\u00a0<a href=\"http:\/\/yvi-tschischka.de\/index.php\/produkt\/photoshop-aktionen\/\" target=\"_blank\" rel=\"noopener noreferrer\">Photoshop Aktionen<\/a>! Also der Grundstein meiner Bildbearbeitung!<\/p>\n<p>Das Bundle enth\u00e4lt 16 Presets f\u00fcr ganz unterschiedliche Licht- und Farbverh\u00e4ltnisse.<\/p>\n<p>&nbsp;<\/p>\n<p>&nbsp;<\/p>\n","protected":false},"featured_media":3153,"comment_status":"open","ping_status":"closed","template":"","meta":{"_links_to":"","_links_to_target":""},"product_cat":[17],"product_tag":[],"class_list":["post-3128","product","type-product","status-publish","has-post-thumbnail","hentry","product_cat-unkategorisiert"],"jetpack_sharing_enabled":true,"_links":{"self":[{"href":"http:\/\/yvi-tschischka.de\/index.php\/wp-json\/wp\/v2\/product\/3128","targetHints":{"allow":["GET"]}}],"collection":[{"href":"http:\/\/yvi-tschischka.de\/index.php\/wp-json\/wp\/v2\/product"}],"about":[{"href":"http:\/\/yvi-tschischka.de\/index.php\/wp-json\/wp\/v2\/types\/product"}],"replies":[{"embeddable":true,"href":"http:\/\/yvi-tschischka.de\/index.php\/wp-json\/wp\/v2\/comments?post=3128"}],"wp:featuredmedia":[{"embeddable":true,"href":"http:\/\/yvi-tschischka.de\/index.php\/wp-json\/wp\/v2\/media\/3153"}],"wp:attachment":[{"href":"http:\/\/yvi-tschischka.de\/index.php\/wp-json\/wp\/v2\/media?parent=3128"}],"wp:term":[{"taxonomy":"product_cat","embeddable":true,"href":"http:\/\/yvi-tschischka.de\/index.php\/wp-json\/wp\/v2\/product_cat?post=3128"},{"taxonomy":"product_tag","embeddable":true,"href":"http:\/\/yvi-tschischka.de\/index.php\/wp-json\/wp\/v2\/product_tag?post=3128"}],"curies":[{"name":"wp","href":"https:\/\/api.w.org\/{rel}","templated":true}]}}