{"id":1477,"date":"2020-04-11T08:32:03","date_gmt":"2020-04-11T06:32:03","guid":{"rendered":"http:\/\/yvi-tschischka.de\/?page_id=1477"},"modified":"2021-07-13T08:39:59","modified_gmt":"2021-07-13T06:39:59","slug":"video-analyse","status":"publish","type":"page","link":"http:\/\/yvi-tschischka.de\/index.php\/info\/video-analyse\/","title":{"rendered":"*NEU*   Video-Analyse"},"content":{"rendered":"\n<figure class=\"wp-block-image\"><img loading=\"lazy\" decoding=\"async\" width=\"1024\" height=\"1024\" src=\"http:\/\/yvi-tschischka.de\/wp-content\/uploads\/2021\/04\/dpl-1024x1024.jpg\" alt=\"\" class=\"wp-image-1992\" srcset=\"http:\/\/yvi-tschischka.de\/wp-content\/uploads\/2021\/04\/dpl-1024x1024.jpg 1024w, http:\/\/yvi-tschischka.de\/wp-content\/uploads\/2021\/04\/dpl-100x100.jpg 100w, http:\/\/yvi-tschischka.de\/wp-content\/uploads\/2021\/04\/dpl-600x600.jpg 600w, http:\/\/yvi-tschischka.de\/wp-content\/uploads\/2021\/04\/dpl-300x300.jpg 300w, http:\/\/yvi-tschischka.de\/wp-content\/uploads\/2021\/04\/dpl-150x150.jpg 150w, http:\/\/yvi-tschischka.de\/wp-content\/uploads\/2021\/04\/dpl-768x768.jpg 768w, http:\/\/yvi-tschischka.de\/wp-content\/uploads\/2021\/04\/dpl.jpg 2000w\" sizes=\"auto, (max-width: 1024px) 100vw, 1024px\" \/><\/figure>\n\n\n\n<p>Besondere Zeiten erfordern besondere Angebote. <br>Da ich aktuell leider keine pers\u00f6nlichen Coachings mit Dir durchf\u00fchren darf, habe ich mir Gedanken gemacht, wie ich die Inhalte meiner Coachings auch in dieser Zeit bestm\u00f6glich und individuell an Dich weitergeben kann. <\/p>\n\n\n\n<p>Ich biete Dir hier also eine komplette Online-Analyse Deines Fotografie-Business an, die Du in diesem Umfang sonst nur in meinem gro\u00dfen Coachingpaket bekommst! Und das Beste: wir brauchen dazu nicht mal einen Termin vereinbaren!<\/p>\n\n\n\n<p>Ich schicke Dir hierf\u00fcr ein Formular, das Du ganz einfach ausf\u00fcllen kannst. Danach ist die erste Arbeit f\u00fcr Dich schon getan und meine Arbeit kann starten.<br><br><\/p>\n\n\n\n<h2 class=\"wp-block-heading\">Die Inhalte<\/h2>\n\n\n\n<ul class=\"wp-block-list\"><li>alle Deine Kan\u00e4le (Website, Facebook, Instagram)<\/li><li>Dein gesamtes Auftreten (Logo, Corporate Design =&gt; hierzu gebe ich Dir nicht nur Tipps zur Optik, sondern auch zur technischen Umsetzung)<\/li><li>Texte auf s\u00e4mtlichen Kan\u00e4len<\/li><li>Analyse von 5 von Dir ausgesuchten Bildern in den Bereichen Technik, Bildaufbau, Bildbearbeitung und Posing<\/li><li>Pakete, Preise und Angebote<\/li><li>Tipps und Empfehlungen zu Deinem Equipment<\/li><\/ul>\n\n\n\n<p>Und das alles halte ich f\u00fcr Dich auf Video fest! Du musst also nicht gleichzeitig zuh\u00f6ren und mitschreiben, sondern kannst Dir Dein Video jederzeit wieder anschauen. Die L\u00e4nge des Videos ist abh\u00e4ngig von dem Umfang der Analyse \u2013 alle 6 Punkte zusammen werden aber vermutlich einen Zeitrahmen von +\/\u2013 30\u201345 min haben.<br>Die Inhalte, die Deine Video-Analyse umfassen soll, kannst Du Dir selbst zusammen stellen.<\/p>\n\n\n\n<p>Das Video bekommst Du als Download zur Verf\u00fcgung gestellt, sodass Du es Dir speichern und immer wieder anschauen kannst.<br><br><\/p>\n\n\n\n<h2 class=\"wp-block-heading\">Die Investition<\/h2>\n\n\n\n<p><br>Im Grundpreis von<strong> 249\u20ac<\/strong> sind bereits <strong>3 Wunschinhalte<\/strong> inklusive.<br>Weitere Inhalte sind zu einem Aufpreis von je <strong>49\u20ac<\/strong> zubuchbar. <br>M\u00f6chtest du <strong>alle<\/strong> Inhalte in deiner Analyse, investierst du daf\u00fcr <strong>349\u20ac<\/strong> (statt 396\u20ac).<\/p>\n\n\n\n<p><em>Beispiel:<br><\/em>Du w\u00e4hlst als inklusive Wunschinhalte des Grundpakets:<br>\u2022 Analyse von 5 Bildern<br>\u2022 Analyse deiner Kan\u00e4le<br>\u2022 Tipps zum Equipment<br>=&gt; 249\u20ac<br><br>Zus\u00e4tzlich zubuchbar sind dann: <br>\u2022 Auftreten \/ Corporate Design<br>\u2022 Pakete, Preise und Angebote<br>\u2022 Texte auf s\u00e4mtlichen Kan\u00e4len <br>=&gt; zus\u00e4tzlich je 49\u20ac<br>Bei der Buchung von allen 6 Inhalten gilt ein Angebotspreis von 349\u20ac<\/p>\n\n\n\n<hr class=\"wp-block-separator\"\/>\n\n\n\n<hr class=\"wp-block-separator\"\/>\n\n\n\n<p><\/p>\n","protected":false},"excerpt":{"rendered":"<p>Besondere Zeiten erfordern besondere Angebote. Da ich aktuell leider keine pers\u00f6nlichen Coachings mit Dir durchf\u00fchren darf, habe ich mir Gedanken gemacht, wie ich die Inhalte meiner Coachings auch in dieser Zeit bestm\u00f6glich und individuell an Dich weitergeben kann. Ich biete Dir hier also eine komplette Online-Analyse Deines Fotografie-Business an, die Du in diesem Umfang sonst [&hellip;]<\/p>\n","protected":false},"author":1,"featured_media":0,"parent":8,"menu_order":0,"comment_status":"closed","ping_status":"closed","template":"","meta":{"footnotes":"","_links_to":"","_links_to_target":""},"class_list":["post-1477","page","type-page","status-publish","hentry"],"blocksy_meta":{"styles_descriptor":{"styles":{"desktop":"","tablet":"","mobile":""},"google_fonts":[]}},"jetpack_sharing_enabled":true,"_links":{"self":[{"href":"http:\/\/yvi-tschischka.de\/index.php\/wp-json\/wp\/v2\/pages\/1477","targetHints":{"allow":["GET"]}}],"collection":[{"href":"http:\/\/yvi-tschischka.de\/index.php\/wp-json\/wp\/v2\/pages"}],"about":[{"href":"http:\/\/yvi-tschischka.de\/index.php\/wp-json\/wp\/v2\/types\/page"}],"author":[{"embeddable":true,"href":"http:\/\/yvi-tschischka.de\/index.php\/wp-json\/wp\/v2\/users\/1"}],"replies":[{"embeddable":true,"href":"http:\/\/yvi-tschischka.de\/index.php\/wp-json\/wp\/v2\/comments?post=1477"}],"version-history":[{"count":22,"href":"http:\/\/yvi-tschischka.de\/index.php\/wp-json\/wp\/v2\/pages\/1477\/revisions"}],"predecessor-version":[{"id":1993,"href":"http:\/\/yvi-tschischka.de\/index.php\/wp-json\/wp\/v2\/pages\/1477\/revisions\/1993"}],"up":[{"embeddable":true,"href":"http:\/\/yvi-tschischka.de\/index.php\/wp-json\/wp\/v2\/pages\/8"}],"wp:attachment":[{"href":"http:\/\/yvi-tschischka.de\/index.php\/wp-json\/wp\/v2\/media?parent=1477"}],"curies":[{"name":"wp","href":"https:\/\/api.w.org\/{rel}","templated":true}]}}